{"id":116,"date":"2018-12-08T15:47:19","date_gmt":"2018-12-08T14:47:19","guid":{"rendered":"http:\/\/starytatko.sk\/index.php\/kosik\/"},"modified":"2018-12-08T15:47:19","modified_gmt":"2018-12-08T14:47:19","slug":"kosik","status":"publish","type":"page","link":"https:\/\/starytatko.sk\/index.php\/kosik\/","title":{"rendered":"Ko\u0161\u00edk"},"content":{"rendered":"\n","protected":false},"excerpt":{"rendered":"","protected":false},"author":1,"featured_media":0,"parent":0,"menu_order":0,"comment_status":"closed","ping_status":"closed","template":"","meta":{"jetpack_post_was_ever_published":false},"yoast_head":"<!-- This site is optimized with the Yoast SEO plugin v20.6 - https:\/\/yoast.com\/wordpress\/plugins\/seo\/ -->\n<title>Ko\u0161\u00edk - Star\u00fd Tatko<\/title>\n<meta name=\"robots\" content=\"index, follow, max-snippet:-1, max-image-preview:large, max-video-preview:-1\" \/>\n<link rel=\"canonical\" href=\"https:\/\/starytatko.sk\/index.php\/kosik\/\" \/>\n<meta property=\"og:locale\" content=\"sk_SK\" \/>\n<meta property=\"og:type\" content=\"article\" \/>\n<meta property=\"og:title\" content=\"Ko\u0161\u00edk - Star\u00fd Tatko\" \/>\n<meta property=\"og:url\" content=\"https:\/\/starytatko.sk\/index.php\/kosik\/\" \/>\n<meta property=\"og:site_name\" content=\"Star\u00fd Tatko\" \/>\n<meta name=\"twitter:card\" content=\"summary_large_image\" \/>\n<script type=\"application\/ld+json\" class=\"yoast-schema-graph\">{\"@context\":\"https:\/\/schema.org\",\"@graph\":[{\"@type\":\"WebPage\",\"@id\":\"https:\/\/starytatko.sk\/index.php\/kosik\/\",\"url\":\"https:\/\/starytatko.sk\/index.php\/kosik\/\",\"name\":\"Ko\u0161\u00edk - Star\u00fd Tatko\",\"isPartOf\":{\"@id\":\"https:\/\/starytatko.sk\/#website\"},\"datePublished\":\"2018-12-08T14:47:19+00:00\",\"dateModified\":\"2018-12-08T14:47:19+00:00\",\"breadcrumb\":{\"@id\":\"https:\/\/starytatko.sk\/index.php\/kosik\/#breadcrumb\"},\"inLanguage\":\"sk-SK\",\"potentialAction\":[{\"@type\":\"ReadAction\",\"target\":[\"https:\/\/starytatko.sk\/index.php\/kosik\/\"]}]},{\"@type\":\"BreadcrumbList\",\"@id\":\"https:\/\/starytatko.sk\/index.php\/kosik\/#breadcrumb\",\"itemListElement\":[{\"@type\":\"ListItem\",\"position\":1,\"name\":\"Home\",\"item\":\"https:\/\/starytatko.sk\/\"},{\"@type\":\"ListItem\",\"position\":2,\"name\":\"Ko\u0161\u00edk\"}]},{\"@type\":\"WebSite\",\"@id\":\"https:\/\/starytatko.sk\/#website\",\"url\":\"https:\/\/starytatko.sk\/\",\"name\":\"Star\u00fd Tatko\",\"description\":\"Veci\u010dky nielen pre deti\u010dky!\",\"publisher\":{\"@id\":\"https:\/\/starytatko.sk\/#organization\"},\"potentialAction\":[{\"@type\":\"SearchAction\",\"target\":{\"@type\":\"EntryPoint\",\"urlTemplate\":\"https:\/\/starytatko.sk\/?s={search_term_string}\"},\"query-input\":\"required name=search_term_string\"}],\"inLanguage\":\"sk-SK\"},{\"@type\":\"Organization\",\"@id\":\"https:\/\/starytatko.sk\/#organization\",\"name\":\"Star\u00fd Tatko\",\"url\":\"https:\/\/starytatko.sk\/\",\"logo\":{\"@type\":\"ImageObject\",\"inLanguage\":\"sk-SK\",\"@id\":\"https:\/\/starytatko.sk\/#\/schema\/logo\/image\/\",\"url\":\"https:\/\/starytatko.sk\/wp-content\/uploads\/2018\/11\/cropped-PicsArt_11-28-01.38.04-3.png\",\"contentUrl\":\"https:\/\/starytatko.sk\/wp-content\/uploads\/2018\/11\/cropped-PicsArt_11-28-01.38.04-3.png\",\"width\":2289,\"height\":1016,\"caption\":\"Star\u00fd Tatko\"},\"image\":{\"@id\":\"https:\/\/starytatko.sk\/#\/schema\/logo\/image\/\"}}]}<\/script>\n<!-- \/ Yoast SEO plugin. -->","yoast_head_json":{"title":"Ko\u0161\u00edk - Star\u00fd Tatko","robots":{"index":"index","follow":"follow","max-snippet":"max-snippet:-1","max-image-preview":"max-image-preview:large","max-video-preview":"max-video-preview:-1"},"canonical":"https:\/\/starytatko.sk\/index.php\/kosik\/","og_locale":"sk_SK","og_type":"article","og_title":"Ko\u0161\u00edk - Star\u00fd Tatko","og_url":"https:\/\/starytatko.sk\/index.php\/kosik\/","og_site_name":"Star\u00fd Tatko","twitter_card":"summary_large_image","schema":{"@context":"https:\/\/schema.org","@graph":[{"@type":"WebPage","@id":"https:\/\/starytatko.sk\/index.php\/kosik\/","url":"https:\/\/starytatko.sk\/index.php\/kosik\/","name":"Ko\u0161\u00edk - Star\u00fd Tatko","isPartOf":{"@id":"https:\/\/starytatko.sk\/#website"},"datePublished":"2018-12-08T14:47:19+00:00","dateModified":"2018-12-08T14:47:19+00:00","breadcrumb":{"@id":"https:\/\/starytatko.sk\/index.php\/kosik\/#breadcrumb"},"inLanguage":"sk-SK","potentialAction":[{"@type":"ReadAction","target":["https:\/\/starytatko.sk\/index.php\/kosik\/"]}]},{"@type":"BreadcrumbList","@id":"https:\/\/starytatko.sk\/index.php\/kosik\/#breadcrumb","itemListElement":[{"@type":"ListItem","position":1,"name":"Home","item":"https:\/\/starytatko.sk\/"},{"@type":"ListItem","position":2,"name":"Ko\u0161\u00edk"}]},{"@type":"WebSite","@id":"https:\/\/starytatko.sk\/#website","url":"https:\/\/starytatko.sk\/","name":"Star\u00fd Tatko","description":"Veci\u010dky nielen pre deti\u010dky!","publisher":{"@id":"https:\/\/starytatko.sk\/#organization"},"potentialAction":[{"@type":"SearchAction","target":{"@type":"EntryPoint","urlTemplate":"https:\/\/starytatko.sk\/?s={search_term_string}"},"query-input":"required name=search_term_string"}],"inLanguage":"sk-SK"},{"@type":"Organization","@id":"https:\/\/starytatko.sk\/#organization","name":"Star\u00fd Tatko","url":"https:\/\/starytatko.sk\/","logo":{"@type":"ImageObject","inLanguage":"sk-SK","@id":"https:\/\/starytatko.sk\/#\/schema\/logo\/image\/","url":"https:\/\/starytatko.sk\/wp-content\/uploads\/2018\/11\/cropped-PicsArt_11-28-01.38.04-3.png","contentUrl":"https:\/\/starytatko.sk\/wp-content\/uploads\/2018\/11\/cropped-PicsArt_11-28-01.38.04-3.png","width":2289,"height":1016,"caption":"Star\u00fd Tatko"},"image":{"@id":"https:\/\/starytatko.sk\/#\/schema\/logo\/image\/"}}]}},"jetpack_sharing_enabled":true,"jetpack_shortlink":"https:\/\/wp.me\/PawdaW-1S","_links":{"self":[{"href":"https:\/\/starytatko.sk\/index.php\/wp-json\/wp\/v2\/pages\/116"}],"collection":[{"href":"https:\/\/starytatko.sk\/index.php\/wp-json\/wp\/v2\/pages"}],"about":[{"href":"https:\/\/starytatko.sk\/index.php\/wp-json\/wp\/v2\/types\/page"}],"author":[{"embeddable":true,"href":"https:\/\/starytatko.sk\/index.php\/wp-json\/wp\/v2\/users\/1"}],"replies":[{"embeddable":true,"href":"https:\/\/starytatko.sk\/index.php\/wp-json\/wp\/v2\/comments?post=116"}],"version-history":[{"count":0,"href":"https:\/\/starytatko.sk\/index.php\/wp-json\/wp\/v2\/pages\/116\/revisions"}],"wp:attachment":[{"href":"https:\/\/starytatko.sk\/index.php\/wp-json\/wp\/v2\/media?parent=116"}],"curies":[{"name":"wp","href":"https:\/\/api.w.org\/{rel}","templated":true}]}}