{"id":5382,"date":"2020-12-07T18:46:37","date_gmt":"2020-12-07T17:46:37","guid":{"rendered":"https:\/\/starytatko.sk\/?post_type=product&#038;p=5382"},"modified":"2021-02-26T16:47:04","modified_gmt":"2021-02-26T15:47:04","slug":"nerezovy-hrncek-the-adventures","status":"publish","type":"product","link":"https:\/\/starytatko.sk\/index.php\/produkt\/nerezovy-hrncek-the-adventures\/","title":{"rendered":"Nerezov\u00fd hrn\u010dek &#8220;The adventures&#8221;"},"content":{"rendered":"<p>R\u00e1d cestuje\u0161 a potrebuje\u0161 par\u0165\u00e1ka na cesty ktor\u00fd nie\u010do znesie? N\u00e1dhern\u00fd nerezov\u00fd hrn\u010dek s karab\u00ednkou je ide\u00e1lnym par\u0165\u00e1kom na cesty po hor\u00e1ch, s\u00e1nkova\u010dky, ly\u017eova\u010dky \u010di in\u00e9 potulky. Izotermick\u00fd hrn\u010dek z nerezovej ocele. Dvojit\u00e1 stena a dno zabezpe\u010dia uchovanie teploty n\u00e1poja. Odoln\u00e9 kovov\u00e9 prevedenie predur\u010duje produkt pre outdoorov\u00e9 vyu\u017eitie.<\/p>\n<p>Na\u0161e nerezov\u00e9 hrn\u010deky m\u00f4\u017eete sledova\u0165 aj na instagrame <a href=\"https:\/\/www.instagram.com\/starytatko\/\">@starytatko<\/a><\/p>\n<p>&nbsp;<\/p>\n<p>Sp\u00f4sob dopravy:<\/p>\n<p>V r\u00e1mci Slovenskej Republiky cez Slovensk\u00fa po\u0161tu na dobierku alebo prevodom na \u00fa\u010det do 2-3 pracovn\u00fdch dn\u00ed<\/p>\n<p>V r\u00e1mci \u010ceskej Republiky cez Slovensk\u00fa po\u0161tu na dobierku alebo prevodom na \u00fa\u010det do 3-5 pracovn\u00fdch dn\u00ed<\/p>\n","protected":false},"excerpt":{"rendered":"<p>Nerezov\u00fd hrn\u010dek nie je vhodn\u00fd do um\u00fdva\u010dky riadu ani mikrovlnky.<\/p>\n<p>Nerezov\u00fd hrn\u010dek s u\u0161kom vhodn\u00fd na tepl\u00e9 n\u00e1poje.<\/p>\n<p>Praktick\u00fd a pevn\u00fd kovov\u00fd turistick\u00fd hrn\u010dek striebornej farby. Hrn\u010dek je vyroben\u00fd z nehrdzavej\u00facej ocele.<\/p>\n<p>Hrn\u010dek k V\u00e1m poputuje bezpe\u010dne zabalen\u00fd, aby nedo\u0161lo k po\u0161kodeniu po\u010das prepravy a aby mohol dlho dobre sl\u00fa\u017ei\u0165.<\/p>\n<p class=\"article\"><strong>V\u00fd\u0161ka:\u00a0<\/strong> 91mm<br \/>\n<strong>Priemer: <\/strong>79mm<br \/>\n<strong>Objem:\u00a0<\/strong> 300ml<br \/>\n<strong>Materi\u00e1l:<\/strong> nerez<br \/>\n<strong>Sp\u00f4sob v\u00fdroby:<\/strong>\u00a0potla\u010d, digit\u00e1lna grafika<\/p>\n","protected":false},"featured_media":5513,"comment_status":"open","ping_status":"closed","template":"","meta":{"jetpack_post_was_ever_published":false,"jetpack_publicize_message":"","jetpack_is_tweetstorm":false,"jetpack_publicize_feature_enabled":true,"jetpack_social_post_already_shared":true,"jetpack_social_options":{"image_generator_settings":{"template":"highway","enabled":false}}},"product_cat":[23],"product_tag":[],"jetpack_publicize_connections":[],"yoast_head":"<!-- This site is optimized with the Yoast SEO plugin v20.6 - https:\/\/yoast.com\/wordpress\/plugins\/seo\/ -->\n<title>Nerezov\u00fd hrn\u010dek &quot;The adventures&quot; - Star\u00fd Tatko<\/title>\n<meta name=\"robots\" content=\"index, follow, max-snippet:-1, max-image-preview:large, max-video-preview:-1\" \/>\n<link rel=\"canonical\" href=\"https:\/\/starytatko.sk\/index.php\/produkt\/nerezovy-hrncek-the-adventures\/\" \/>\n<meta property=\"og:locale\" content=\"sk_SK\" \/>\n<meta property=\"og:type\" content=\"article\" \/>\n<meta property=\"og:title\" content=\"Nerezov\u00fd hrn\u010dek &quot;The adventures&quot; - Star\u00fd Tatko\" \/>\n<meta property=\"og:description\" content=\"Nerezov\u00fd hrn\u010dek nie je vhodn\u00fd do um\u00fdva\u010dky riadu ani mikrovlnky.  Nerezov\u00fd hrn\u010dek s u\u0161kom vhodn\u00fd na tepl\u00e9 n\u00e1poje.  Praktick\u00fd a pevn\u00fd kovov\u00fd turistick\u00fd hrn\u010dek striebornej farby. Hrn\u010dek je vyroben\u00fd z nehrdzavej\u00facej ocele.  Hrn\u010dek k V\u00e1m poputuje bezpe\u010dne zabalen\u00fd, aby nedo\u0161lo k po\u0161kodeniu po\u010das prepravy a aby mohol dlho dobre sl\u00fa\u017ei\u0165. V\u00fd\u0161ka:\u00a0 91mm Priemer: 79mm Objem:\u00a0 300ml Materi\u00e1l: nerez Sp\u00f4sob v\u00fdroby:\u00a0potla\u010d, digit\u00e1lna grafika\" \/>\n<meta property=\"og:url\" content=\"https:\/\/starytatko.sk\/index.php\/produkt\/nerezovy-hrncek-the-adventures\/\" \/>\n<meta property=\"og:site_name\" content=\"Star\u00fd Tatko\" \/>\n<meta property=\"article:modified_time\" content=\"2021-02-26T15:47:04+00:00\" \/>\n<meta property=\"og:image\" content=\"https:\/\/starytatko.sk\/wp-content\/uploads\/2020\/12\/The-adventures.jpg\" \/>\n\t<meta property=\"og:image:width\" content=\"1417\" \/>\n\t<meta property=\"og:image:height\" content=\"1417\" \/>\n\t<meta property=\"og:image:type\" content=\"image\/jpeg\" \/>\n<meta name=\"twitter:card\" content=\"summary_large_image\" \/>\n<meta name=\"twitter:label1\" content=\"Predpokladan\u00fd \u010das \u010d\u00edtania\" \/>\n\t<meta name=\"twitter:data1\" content=\"1 min\u00fata\" \/>\n<script type=\"application\/ld+json\" class=\"yoast-schema-graph\">{\"@context\":\"https:\/\/schema.org\",\"@graph\":[{\"@type\":\"WebPage\",\"@id\":\"https:\/\/starytatko.sk\/index.php\/produkt\/nerezovy-hrncek-the-adventures\/\",\"url\":\"https:\/\/starytatko.sk\/index.php\/produkt\/nerezovy-hrncek-the-adventures\/\",\"name\":\"Nerezov\u00fd hrn\u010dek \\\"The adventures\\\" - Star\u00fd Tatko\",\"isPartOf\":{\"@id\":\"https:\/\/starytatko.sk\/#website\"},\"datePublished\":\"2020-12-07T17:46:37+00:00\",\"dateModified\":\"2021-02-26T15:47:04+00:00\",\"breadcrumb\":{\"@id\":\"https:\/\/starytatko.sk\/index.php\/produkt\/nerezovy-hrncek-the-adventures\/#breadcrumb\"},\"inLanguage\":\"sk-SK\",\"potentialAction\":[{\"@type\":\"ReadAction\",\"target\":[\"https:\/\/starytatko.sk\/index.php\/produkt\/nerezovy-hrncek-the-adventures\/\"]}]},{\"@type\":\"BreadcrumbList\",\"@id\":\"https:\/\/starytatko.sk\/index.php\/produkt\/nerezovy-hrncek-the-adventures\/#breadcrumb\",\"itemListElement\":[{\"@type\":\"ListItem\",\"position\":1,\"name\":\"Home\",\"item\":\"https:\/\/starytatko.sk\/\"},{\"@type\":\"ListItem\",\"position\":2,\"name\":\"Obchod\",\"item\":\"https:\/\/starytatko.sk\/index.php\/obchod\/\"},{\"@type\":\"ListItem\",\"position\":3,\"name\":\"Nerezov\u00fd hrn\u010dek &#8222;The adventures&#8220;\"}]},{\"@type\":\"WebSite\",\"@id\":\"https:\/\/starytatko.sk\/#website\",\"url\":\"https:\/\/starytatko.sk\/\",\"name\":\"Star\u00fd Tatko\",\"description\":\"Veci\u010dky nielen pre deti\u010dky!\",\"publisher\":{\"@id\":\"https:\/\/starytatko.sk\/#organization\"},\"potentialAction\":[{\"@type\":\"SearchAction\",\"target\":{\"@type\":\"EntryPoint\",\"urlTemplate\":\"https:\/\/starytatko.sk\/?s={search_term_string}\"},\"query-input\":\"required name=search_term_string\"}],\"inLanguage\":\"sk-SK\"},{\"@type\":\"Organization\",\"@id\":\"https:\/\/starytatko.sk\/#organization\",\"name\":\"Star\u00fd Tatko\",\"url\":\"https:\/\/starytatko.sk\/\",\"logo\":{\"@type\":\"ImageObject\",\"inLanguage\":\"sk-SK\",\"@id\":\"https:\/\/starytatko.sk\/#\/schema\/logo\/image\/\",\"url\":\"https:\/\/starytatko.sk\/wp-content\/uploads\/2018\/11\/cropped-PicsArt_11-28-01.38.04-3.png\",\"contentUrl\":\"https:\/\/starytatko.sk\/wp-content\/uploads\/2018\/11\/cropped-PicsArt_11-28-01.38.04-3.png\",\"width\":2289,\"height\":1016,\"caption\":\"Star\u00fd Tatko\"},\"image\":{\"@id\":\"https:\/\/starytatko.sk\/#\/schema\/logo\/image\/\"}}]}<\/script>\n<!-- \/ Yoast SEO plugin. -->","yoast_head_json":{"title":"Nerezov\u00fd hrn\u010dek \"The adventures\" - Star\u00fd Tatko","robots":{"index":"index","follow":"follow","max-snippet":"max-snippet:-1","max-image-preview":"max-image-preview:large","max-video-preview":"max-video-preview:-1"},"canonical":"https:\/\/starytatko.sk\/index.php\/produkt\/nerezovy-hrncek-the-adventures\/","og_locale":"sk_SK","og_type":"article","og_title":"Nerezov\u00fd hrn\u010dek \"The adventures\" - Star\u00fd Tatko","og_description":"Nerezov\u00fd hrn\u010dek nie je vhodn\u00fd do um\u00fdva\u010dky riadu ani mikrovlnky.  Nerezov\u00fd hrn\u010dek s u\u0161kom vhodn\u00fd na tepl\u00e9 n\u00e1poje.  Praktick\u00fd a pevn\u00fd kovov\u00fd turistick\u00fd hrn\u010dek striebornej farby. Hrn\u010dek je vyroben\u00fd z nehrdzavej\u00facej ocele.  Hrn\u010dek k V\u00e1m poputuje bezpe\u010dne zabalen\u00fd, aby nedo\u0161lo k po\u0161kodeniu po\u010das prepravy a aby mohol dlho dobre sl\u00fa\u017ei\u0165. V\u00fd\u0161ka:\u00a0 91mm Priemer: 79mm Objem:\u00a0 300ml Materi\u00e1l: nerez Sp\u00f4sob v\u00fdroby:\u00a0potla\u010d, digit\u00e1lna grafika","og_url":"https:\/\/starytatko.sk\/index.php\/produkt\/nerezovy-hrncek-the-adventures\/","og_site_name":"Star\u00fd Tatko","article_modified_time":"2021-02-26T15:47:04+00:00","og_image":[{"width":1417,"height":1417,"url":"https:\/\/starytatko.sk\/wp-content\/uploads\/2020\/12\/The-adventures.jpg","type":"image\/jpeg"}],"twitter_card":"summary_large_image","twitter_misc":{"Predpokladan\u00fd \u010das \u010d\u00edtania":"1 min\u00fata"},"schema":{"@context":"https:\/\/schema.org","@graph":[{"@type":"WebPage","@id":"https:\/\/starytatko.sk\/index.php\/produkt\/nerezovy-hrncek-the-adventures\/","url":"https:\/\/starytatko.sk\/index.php\/produkt\/nerezovy-hrncek-the-adventures\/","name":"Nerezov\u00fd hrn\u010dek \"The adventures\" - Star\u00fd Tatko","isPartOf":{"@id":"https:\/\/starytatko.sk\/#website"},"datePublished":"2020-12-07T17:46:37+00:00","dateModified":"2021-02-26T15:47:04+00:00","breadcrumb":{"@id":"https:\/\/starytatko.sk\/index.php\/produkt\/nerezovy-hrncek-the-adventures\/#breadcrumb"},"inLanguage":"sk-SK","potentialAction":[{"@type":"ReadAction","target":["https:\/\/starytatko.sk\/index.php\/produkt\/nerezovy-hrncek-the-adventures\/"]}]},{"@type":"BreadcrumbList","@id":"https:\/\/starytatko.sk\/index.php\/produkt\/nerezovy-hrncek-the-adventures\/#breadcrumb","itemListElement":[{"@type":"ListItem","position":1,"name":"Home","item":"https:\/\/starytatko.sk\/"},{"@type":"ListItem","position":2,"name":"Obchod","item":"https:\/\/starytatko.sk\/index.php\/obchod\/"},{"@type":"ListItem","position":3,"name":"Nerezov\u00fd hrn\u010dek &#8222;The adventures&#8220;"}]},{"@type":"WebSite","@id":"https:\/\/starytatko.sk\/#website","url":"https:\/\/starytatko.sk\/","name":"Star\u00fd Tatko","description":"Veci\u010dky nielen pre deti\u010dky!","publisher":{"@id":"https:\/\/starytatko.sk\/#organization"},"potentialAction":[{"@type":"SearchAction","target":{"@type":"EntryPoint","urlTemplate":"https:\/\/starytatko.sk\/?s={search_term_string}"},"query-input":"required name=search_term_string"}],"inLanguage":"sk-SK"},{"@type":"Organization","@id":"https:\/\/starytatko.sk\/#organization","name":"Star\u00fd Tatko","url":"https:\/\/starytatko.sk\/","logo":{"@type":"ImageObject","inLanguage":"sk-SK","@id":"https:\/\/starytatko.sk\/#\/schema\/logo\/image\/","url":"https:\/\/starytatko.sk\/wp-content\/uploads\/2018\/11\/cropped-PicsArt_11-28-01.38.04-3.png","contentUrl":"https:\/\/starytatko.sk\/wp-content\/uploads\/2018\/11\/cropped-PicsArt_11-28-01.38.04-3.png","width":2289,"height":1016,"caption":"Star\u00fd Tatko"},"image":{"@id":"https:\/\/starytatko.sk\/#\/schema\/logo\/image\/"}}]}},"jetpack_sharing_enabled":true,"_links":{"self":[{"href":"https:\/\/starytatko.sk\/index.php\/wp-json\/wp\/v2\/product\/5382"}],"collection":[{"href":"https:\/\/starytatko.sk\/index.php\/wp-json\/wp\/v2\/product"}],"about":[{"href":"https:\/\/starytatko.sk\/index.php\/wp-json\/wp\/v2\/types\/product"}],"replies":[{"embeddable":true,"href":"https:\/\/starytatko.sk\/index.php\/wp-json\/wp\/v2\/comments?post=5382"}],"wp:featuredmedia":[{"embeddable":true,"href":"https:\/\/starytatko.sk\/index.php\/wp-json\/wp\/v2\/media\/5513"}],"wp:attachment":[{"href":"https:\/\/starytatko.sk\/index.php\/wp-json\/wp\/v2\/media?parent=5382"}],"wp:term":[{"taxonomy":"product_cat","embeddable":true,"href":"https:\/\/starytatko.sk\/index.php\/wp-json\/wp\/v2\/product_cat?post=5382"},{"taxonomy":"product_tag","embeddable":true,"href":"https:\/\/starytatko.sk\/index.php\/wp-json\/wp\/v2\/product_tag?post=5382"}],"curies":[{"name":"wp","href":"https:\/\/api.w.org\/{rel}","templated":true}]}}